{"id":444,"date":"2019-11-01T10:05:58","date_gmt":"2019-11-01T10:05:58","guid":{"rendered":"http:\/\/demo.athemes.com\/sydney-redesign\/?page_id=444"},"modified":"2022-01-31T19:18:08","modified_gmt":"2022-01-31T19:18:08","slug":"contactanos-1","status":"publish","type":"page","link":"https:\/\/www.cosmitet.net\/Cosmitet\/contactanos-1\/","title":{"rendered":"Contactanos"},"content":{"rendered":"<div id=\"pl-444\"  class=\"panel-layout\" ><div id=\"pg-444-0\"  class=\"panel-grid panel-has-style\" ><div style=\"padding: 80px 0; \" data-overlay=\"true\" data-overlay-color=\"#000000\" class=\"panel-row-style panel-row-style-for-444-0\" ><div id=\"pgc-444-0-0\"  class=\"panel-grid-cell\" ><div id=\"panel-444-0-0-0\" class=\"so-panel widget widget_sow-editor panel-first-child panel-last-child\" data-index=\"0\" ><div style=\"text-align: left;\" data-title-color=\"#443f3f\" data-headings-color=\"#443f3f\" class=\"panel-widget-style panel-widget-style-for-444-0-0-0\" ><div\n\t\t\t\n\t\t\tclass=\"so-widget-sow-editor so-widget-sow-editor-base\"\n\t\t\t\n\t\t>\n<div class=\"siteorigin-widget-tinymce textwidget\">\n\t<p><iframe loading=\"lazy\" style=\"border: 0;\" tabindex=\"0\" src=\"https:\/\/www.google.com\/maps\/embed?pb=!1m18!1m12!1m3!1d3982.684427264828!2d-76.54050878524193!3d3.426802697505735!2m3!1f0!2f0!3f0!3m2!1i1024!2i768!4f13.1!3m3!1m2!1s0x8e30a699ea919037%3A0x63834f35158ebbc7!2sCl%C3%ADnica%20Rey%20David!5e0!3m2!1ses-419!2sco!4v1593214025213!5m2!1ses-419!2sco\" width=\"520\" height=\"360\" frameborder=\"0\" allowfullscreen=\"allowfullscreen\" aria-hidden=\"false\"><\/iframe><\/p>\n<\/div>\n<\/div><\/div><\/div><\/div><div id=\"pgc-444-0-1\"  class=\"panel-grid-cell\" ><div id=\"panel-444-0-1-0\" class=\"so-panel widget widget_sow-editor panel-first-child panel-last-child\" data-index=\"1\" ><div style=\"text-align: left;\" data-title-color=\"#443f3f\" data-headings-color=\"#443f3f\" class=\"panel-widget-style panel-widget-style-for-444-0-1-0\" ><div\n\t\t\t\n\t\t\tclass=\"so-widget-sow-editor so-widget-sow-editor-base\"\n\t\t\t\n\t\t>\n<div class=\"siteorigin-widget-tinymce textwidget\">\n\t<h3 style=\"padding-left: 40px;\"><\/h3>\n<h3 style=\"padding-left: 40px;\"><span style=\"color: #009240;\">Cl\u00ednica Rey David<\/span><\/h3>\n<p style=\"padding-left: 40px;\">Calle 7\u00a0 No. 34-00 | (+57) (2) 5185000 - 018000 189863<\/p>\n<p style=\"padding-left: 40px;\">Santiago de Cali - Colombia\u00a0 Cosmitet Ltda.<\/p>\n<p>\u00a0 \u00a0 \u00a0 \u00a0 \u00a0 <strong>Notificaciones judiciales enviar al siguiente correo:<\/strong><\/p>\n<p style=\"padding-left: 40px;\"><a href=\"mailto:notificaciones_judiciales@cosmitet.net\" target=\"_blank\" rel=\"noopener\">notificaciones_judiciales@<wbr><\/wbr>cosmitet.net<\/a><\/p>\n<p>&nbsp;<\/p>\n<p>&nbsp;<\/p>\n<\/div>\n<\/div><\/div><\/div><\/div><\/div><\/div><div id=\"pg-444-1\"  class=\"panel-grid panel-has-style\" ><div style=\"padding: 100px 0; \" data-overlay=\"true\" data-overlay-color=\"#000000\" class=\"panel-row-style panel-row-style-for-444-1\" ><div id=\"pgc-444-1-0\"  class=\"panel-grid-cell\" ><div id=\"panel-444-1-0-0\" class=\"so-panel widget widget_sow-tabs panel-first-child panel-last-child\" data-index=\"2\" ><div style=\"text-align: left;\" data-title-color=\"#443f3f\" data-headings-color=\"#443f3f\" class=\"panel-widget-style panel-widget-style-for-444-1-0-0\" ><div\n\t\t\t\n\t\t\tclass=\"so-widget-sow-tabs so-widget-sow-tabs-default-881bf66ac066-444\"\n\t\t\t\n\t\t><h3 class=\"widget-title\">SEDES Y DIRECTORIO<\/h3><div class=\"sow-tabs\">\n\t<div class=\"sow-tabs-tab-container\" role=\"tablist\">\n\t\t\t<div class=\"sow-tabs-tab sow-tabs-tab-selected\"\n\t\t\t role=\"tab\" data-anchor=\"clinica-rey-david\"\n\t\t\t aria-selected=\"true\" tabindex=\"0\">\n\t\t\t<div class=\"sow-tabs-title sow-tabs-title-icon-left\">\n\t\t\t\t\t\t\t\tClinica Rey David\t\t\t\t\t\t\t<\/div>\n\t\t<\/div>\n\t\t\t<div class=\"sow-tabs-tab\"\n\t\t\t role=\"tab\" data-anchor=\"ips-cali\"\n\t\t\t aria-selected=\"false\" tabindex=\"-1\">\n\t\t\t<div class=\"sow-tabs-title sow-tabs-title-icon-left\">\n\t\t\t\t\t\t\t\tIPS Cali\t\t\t\t\t\t\t<\/div>\n\t\t<\/div>\n\t\t\t<div class=\"sow-tabs-tab\"\n\t\t\t role=\"tab\" data-anchor=\"casas-administrativas\"\n\t\t\t aria-selected=\"false\" tabindex=\"-1\">\n\t\t\t<div class=\"sow-tabs-title sow-tabs-title-icon-left\">\n\t\t\t\t\t\t\t\tCasas Administrativas\t\t\t\t\t\t\t<\/div>\n\t\t<\/div>\n\t\t\t<div class=\"sow-tabs-tab\"\n\t\t\t role=\"tab\" data-anchor=\"valle\"\n\t\t\t aria-selected=\"false\" tabindex=\"-1\">\n\t\t\t<div class=\"sow-tabs-title sow-tabs-title-icon-left\">\n\t\t\t\t\t\t\t\tValle\t\t\t\t\t\t\t<\/div>\n\t\t<\/div>\n\t\t\t<div class=\"sow-tabs-tab\"\n\t\t\t role=\"tab\" data-anchor=\"cauca\"\n\t\t\t aria-selected=\"false\" tabindex=\"-1\">\n\t\t\t<div class=\"sow-tabs-title sow-tabs-title-icon-left\">\n\t\t\t\t\t\t\t\tCauca\t\t\t\t\t\t\t<\/div>\n\t\t<\/div>\n\t\t\t<div class=\"sow-tabs-tab\"\n\t\t\t role=\"tab\" data-anchor=\"eje-cafetero\"\n\t\t\t aria-selected=\"false\" tabindex=\"-1\">\n\t\t\t<div class=\"sow-tabs-title sow-tabs-title-icon-left\">\n\t\t\t\t\t\t\t\tEje Cafetero\t\t\t\t\t\t\t<\/div>\n\t\t<\/div>\n\t\t<\/div>\n\t\n\t<div class=\"sow-tabs-panel-container\">\n\t\t\t<div class=\"sow-tabs-panel\">\n\t\t\t<div class=\"sow-tabs-panel-content\" role=\"tabpanel\" tabindex=\"0\">\n\t\t\t\t<h3>Cl\u00ednica Rey David<\/h3>\n<p>Calle 7\u00a0 No. 34-00 | (+57) (2) 5185000 - 018000 189863<\/p>\n<p>Santiago de Cali - Colombia\u00a0 Cosmitet Ltda.<\/p>\n\t\t\t<\/div>\n\t\t<\/div>\n\t\t\t<div class=\"sow-tabs-panel\">\n\t\t\t<div class=\"sow-tabs-panel-content\" role=\"tabpanel\" aria-hidden=\"true\">\n\t\t\t\t<h4><strong>CENTRO MEDICO EL BOSQUE<\/strong><\/h4>\n<p>Direcci\u00f3n: Carrera 40 # 5 C - 46 Barrio Tequendama<\/p>\n<p>Call Center\u00a0 Asignaci\u00f3n de Citas\u00a0 4850268<\/p>\n<p>&nbsp;<\/p>\n<h4><strong>IPS SALUD OCUPACIONAL<\/strong><\/h4>\n<p>Direcci\u00f3n: Carrera 40 # 5C - 58 Barrio Tequendama<\/p>\n<p>&nbsp;<\/p>\n<h4><strong>IPS FOMENTO A LA SALUD ( P Y P )<\/strong><\/h4>\n<p>Direcci\u00f3n: Carrera 41 # 5C - 51 Barrio Tequendama<\/p>\n<p>Promoci\u00f3n y Prevenci\u00f3n\u00a0\u00a0\u00a0\u00a0\u00a0\u00a0\u00a0\u00a0\u00a0\u00a0\u00a0\u00a0\u00a0\u00a0 2187-2188-2048-5523737<\/p>\n<p>Epidemiolog\u00eda\u00a0\u00a0\u00a0 5536475 - 5536483<\/p>\n<p>Medio Ambiente\u00a0\u00a0\u00a0\u00a0\u00a0\u00a0\u00a0\u00a0\u00a0\u00a0\u00a0\u00a0\u00a0 2253<\/p>\n<p>&nbsp;<\/p>\n<h4><strong>TERAPIAS FISICAS<\/strong><\/h4>\n<p>Direcci\u00f3n: Calle 5E # 40 - 43 Barrio Tequendama<\/p>\n<p>Coordinaci\u00f3n Fisioterapia\u00a0\u00a0\u00a0\u00a0\u00a0\u00a0\u00a0\u00a0\u00a0\u00a0\u00a0\u00a0 2165<\/p>\n<p>Recepci\u00f3n Citas Rehabilitaci\u00f3n y Terapias\u00a0\u00a0\u00a0\u00a0\u00a0\u00a0\u00a0\u00a0\u00a0\u00a0\u00a0\u00a0\u00a0 5536496 - 2164<\/p>\n<p>&nbsp;<\/p>\n<h4><strong>IPS COSMITET\u00a0 TEQUENDAMA \u2013 FERROCARRILES<\/strong><\/h4>\n<p>&nbsp;<\/p>\n<h4><strong>IPS COSMITET\u00a0 TEMPLETE \u2013 PUERTOS<\/strong><\/h4>\n<p>Direcci\u00f3n: Calle 7 # 35 \u2013 69 Barrio Templete<\/p>\n\t\t\t<\/div>\n\t\t<\/div>\n\t\t\t<div class=\"sow-tabs-panel\">\n\t\t\t<div class=\"sow-tabs-panel-content\" role=\"tabpanel\" aria-hidden=\"true\">\n\t\t\t\t<p><strong>CASA AZUL - PRIMER PISO<\/strong><\/p>\n<p>Direcci\u00f3n: Calle 7 # 35 - 87 Barrio el Templete<\/p>\n<p><strong>CASA\u00a0\u00a0 AZUL - SEGUNDO PISO<\/strong><\/p>\n<p>&nbsp;<\/p>\n<p><strong>SISTEMAS<\/strong><\/p>\n<p>Calle 7 No 35 28<\/p>\n<p>&nbsp;<\/p>\n<p><strong>ALMACEN<\/strong><\/p>\n<p>Direcci\u00f3n: Calle 7 # 35 - 59 Barrio el Templete<\/p>\n<p>&nbsp;<\/p>\n<p><strong>TESORERIA<\/strong><\/p>\n<p>Direcci\u00f3n: Calle 7 # 35 - 59 Segundo Piso Barrio el Templete<\/p>\n<p>&nbsp;<\/p>\n<p><strong>MANTENIMIENTO FISICO- ACTIVOS FIJOS<\/strong><\/p>\n<p>&nbsp;<\/p>\n<p><strong>CASAS ADMINISTRATIVAS CARTERA-NOMINA-ADMINISTRACION REGIONAL<\/strong><\/p>\n<p>Direcci\u00f3n: Calle 7 # 35 - 40 Barrio el Templete<\/p>\n<p>Direcci\u00f3n: Calle 7 # 35 - 28 Barrio el Templete<\/p>\n<p>&nbsp;<\/p>\n<p><strong>CASA CAF\u00c9<\/strong><\/p>\n<p>Direcci\u00f3n: Calle 8 # 34 - 40 Barrio el Templete<\/p>\n<p>&nbsp;<\/p>\n<p><strong>CASA HOTEL<\/strong><\/p>\n<p>Direcci\u00f3n: Calle 7 # 35 \u2013 111 Barrio el Templete<\/p>\n\t\t\t<\/div>\n\t\t<\/div>\n\t\t\t<div class=\"sow-tabs-panel\">\n\t\t\t<div class=\"sow-tabs-panel-content\" role=\"tabpanel\" aria-hidden=\"true\">\n\t\t\t\t<h4>Buenaventura.<\/h4>\n<p>Direcci\u00f3n : Carrera 47 # 4 - 02 Cl\u00ednica Santa Sof\u00eda del Pacifico\u00a0 |\u00a0 Tel: 2978073<\/p>\n<p>&nbsp;<\/p>\n<h4>Buga.<\/h4>\n<p>Direcci\u00f3n : Carrera 16 # 7 - 25\u00a0 |\u00a0 Tel : 2364873 - 2364892<\/p>\n<p>&nbsp;<\/p>\n<h4>Caicedonia.<\/h4>\n<p>Direcci\u00f3n\u00a0 : Calle 6 # 12 - 47 |\u00a0 Tel : 2161444<\/p>\n<p>&nbsp;<\/p>\n<h4>Cartago.<\/h4>\n<p>Direcci\u00f3n : Carrera 1n # 15-81\u00a0\u00a0\u00a0\u00a0\u00a0\u00a0\u00a0 |\u00a0 Tel : 2141332\u00a0\u00a0\u00a0\u00a0\u00a0\u00a0\u00a0 Sede Administrativa<\/p>\n<p>Direcci\u00f3n : Carrera 1a # 15-36\u00a0\u00a0\u00a0\u00a0\u00a0\u00a0\u00a0 |\u00a0 Tel : 2134549\u00a0\u00a0\u00a0\u00a0\u00a0\u00a0 Sede Asistencial<\/p>\n<p>&nbsp;<\/p>\n<h4>Guacari.<\/h4>\n<p>Direcci\u00f3n : Calle 6 # 9 - 63 |\u00a0 Tel : 2530666<\/p>\n<p>&nbsp;<\/p>\n<h4>Jamundi.<\/h4>\n<p>Direcci\u00f3n : Calle 9 No.15-23 |\u00a0 Tel : 2880170<\/p>\n<p>&nbsp;<\/p>\n<h4>La Uni\u00f3n.<\/h4>\n<p>Direcci\u00f3n : Carrera 17 No. 15-19 | Tel\u00a0 : 2296277<\/p>\n<p>&nbsp;<\/p>\n<h4>Palmira.<\/h4>\n<p>Direcci\u00f3n : Carrera 26 # 32a-18 | Tel : 2836122<\/p>\n<p>&nbsp;<\/p>\n<h4>Roldanillo.<\/h4>\n<p>Direcci\u00f3n : Calle 10 # 6 - 21\u00a0\u00a0 |\u00a0 Tel :\u00a0 2490600 y 2490026<\/p>\n<p>&nbsp;<\/p>\n<h4>Sevilla.<\/h4>\n<p>Direcci\u00f3n : Carrera 49 # 51 - 70\u00a0 |\u00a0 Tel :\u00a0 2191356<\/p>\n<p>&nbsp;<\/p>\n<h4>Tulu\u00e1.<\/h4>\n<p>Direcci\u00f3n :\u00a0 Calle 26 # 39-20\u00a0 |\u00a0 Tel : (2359606)<\/p>\n<p>&nbsp;<\/p>\n<h4>Yumbo.<\/h4>\n<p>Direcci\u00f3n :\u00a0 Carrera 4 #3-23\u00a0 | Tel :\u00a0 6588563<\/p>\n<p>&nbsp;<\/p>\n<h4>Zarzal.<\/h4>\n<p>Direcci\u00f3n : Calle 9 # 7 - 44\u00a0 | Tel : 2207096<\/p>\n<h4><\/h4>\n<h4>La Victoria.<\/h4>\n<p>Direcci\u00f3n : Carrera 8 # 4 - 06\u00a0 | Tel : ()<\/p>\n<p>&nbsp;<\/p>\n<h4>Florida.<\/h4>\n<p>Direcci\u00f3n : Carrera 8 # 17- 31\u00a0 | Tel : ()<\/p>\n\t\t\t<\/div>\n\t\t<\/div>\n\t\t\t<div class=\"sow-tabs-panel\">\n\t\t\t<div class=\"sow-tabs-panel-content\" role=\"tabpanel\" aria-hidden=\"true\">\n\t\t\t\t<p><strong>POPAYAN SEDE ASISTENCIAL \u00a0\u00a0<\/strong><\/p>\n<p>CALLE 4 No 0-55 B\/La Pamba\u00a0 \u00a0 \u00a0 PBX:\u00a0 (2)833 9282<\/p>\n<p>&nbsp;<\/p>\n<p><b>POPAYAN SEDE ADMINISTRATIVA<\/b><\/p>\n<p style=\"font-weight: 400\">CALLE 4 No 1-26 B\/La Pamba<\/p>\n<p style=\"font-weight: 400\">Aux Administrativa\u00a0 \u00a0 \u00a0 \u00a0 \u00a0 \u00a0 \u00a0Tel:\u00a0 (2) 832 5071<\/p>\n<p style=\"font-weight: 400\">Auditoria Medica\u00a0\u00a0\u00a0\u00a0\u00a0\u00a0\u00a0\u00a0\u00a0\u00a0\u00a0\u00a0\u00a0\u00a0\u00a0\u00a0 Tel:\u00a0 (2) 837 2993<\/p>\n<p style=\"font-weight: 400\">Radicaci\u00f3n De Cuentas\u00a0\u00a0\u00a0\u00a0\u00a0\u00a0 Tel:\u00a0 (2) 822 1243<\/p>\n<p style=\"font-weight: 400\">Coordinaci\u00f3n m\u00e9dica\u00a0 \u00a0 \u00a0 \u00a0 \u00a0 Tel: \u00a0(2) 832 5073<\/p>\n<p>&nbsp;<\/p>\n<p><strong>POPAYAN MEDICINA LABORAL<\/strong><\/p>\n<p style=\"font-weight: 400\">CALLE 8 No 8-61 B\/San Camilo<\/p>\n<p style=\"font-weight: 400\">Medicina Laboral\u00a0 \u00a0 \u00a0 \u00a0 \u00a0 \u00a0 \u00a0 \u00a0 Tel: (2) 8325074<\/p>\n<p>&nbsp;<\/p>\n<p><strong>MERCADERES\u00a0\u00a0\u00a0 <\/strong><\/p>\n<p>CARRERA 3 No\u00a0 8-28 B\/San Juan Montes<\/p>\n<p>Celular : 317 269 3861<\/p>\n<p>&nbsp;<\/p>\n<p><strong>BOLIVAR\u00a0\u00a0\u00a0<\/strong><\/p>\n<p>CARRERA 3 No 11-58 B\/San Francisco<\/p>\n<p>Celular :317 453 5787<\/p>\n<p>&nbsp;<\/p>\n<p><strong>GUAPI\u00a0 <\/strong><\/p>\n<p>CARRERA 5 No 12 A-83 B\/San Francisco<\/p>\n<p>Celular :317 453 7288<\/p>\n<p>&nbsp;<\/p>\n<p><strong>SANTANDER\u00a0\u00a0\u00a0<\/strong><\/p>\n<p>CARRERA 9 No 1-33 B\/Centro\u00a0\u00a0\u00a0\u00a0 8291871<\/p>\n<p>&nbsp;<\/p>\n<p>&nbsp;<\/p>\n<p><strong>PUERTO TEJADA\u00a0\u00a0<\/strong><\/p>\n<p>CARRERA 21 No 20C-34 B\/La Esperanza\u00a0 8281793<\/p>\n<p>&nbsp;<\/p>\n<p><strong>TAMBO<\/strong><\/p>\n<p>CARRERA 6 No 3-74 B\/La Concordia<\/p>\n<p>Celular :317 298 3453<\/p>\n<p>&nbsp;<\/p>\n<p><strong>PIENDAMO\u00a0\u00a0\u00a0<\/strong><\/p>\n<p>CARRERA 4 No 10 \u2013 59 B\/La Inmaculada<\/p>\n<p>Celular :317 275 2602<\/p>\n<p>&nbsp;<\/p>\n<p><strong>PATIA\u00a0\u00a0\u00a0 <\/strong><\/p>\n<p>CALLE 8 No 1 \u2013 77 B\/Simon Bolivar<\/p>\n<p>Celular :317 295 0856<\/p>\n<p>&nbsp;<\/p>\n<p><strong>PAEZ<\/strong><\/p>\n<p>CARRERA 2 A No 2 \u2013 32 B\/Centro<\/p>\n<p>Celular :317 434 1266<\/p>\n<p>&nbsp;<\/p>\n<p><strong>SILVIA\u00a0\u00a0 <\/strong><\/p>\n<p>CARRERA 3 No 12 \u2013 38 B\/San Agustin<\/p>\n<p>Celular :317 418 4928<\/p>\n<p>&nbsp;<\/p>\n<p>&nbsp;<\/p>\n\t\t\t<\/div>\n\t\t<\/div>\n\t\t\t<div class=\"sow-tabs-panel\">\n\t\t\t<div class=\"sow-tabs-panel-content\" role=\"tabpanel\" aria-hidden=\"true\">\n\t\t\t\t<h4><strong>Armenia<\/strong><\/h4>\n<p>Direcci\u00f3n: Avenida Bol\u00edvar # 1 - 23<\/p>\n<div>PBX: (6) 7359448 ext 1400<\/div>\n<div>CENTRAL DE CITAS:\u00a0 (6) 735 8397<\/div>\n<div><\/div>\n<h4><strong>Manizales <\/strong><\/h4>\n<p><strong>SEDE ADMINISTRATIVA - ASISTENCIAL\u00a0\u00a0 <\/strong><\/p>\n<p>CRA 24A N\u00aa 54-68\u00a0 |\u00a0 Tel : 8918326<\/p>\n<p>&nbsp;<\/p>\n<p><strong>SEDE TIPO D PARQUE MEDICO <\/strong><\/p>\n<p>CRA 23 N\u00ba 65A-41\u00a0 LOCAL 101<\/p>\n<p>&nbsp;<\/p>\n<p><strong>SEDE PARQUE MEDICO CONSULTORIOS <\/strong><\/p>\n<p>CRA 23 N\u00ba 65A-41\u00a0 PISO 3<\/p>\n<p>&nbsp;<\/p>\n<p><strong>SEDE PARQUE MEDICO LOCAL 202\u00a0 REFERENCIA\u00a0\u00a0\u00a0\u00a0\u00a0\u00a0\u00a0\u00a0\u00a0\u00a0\u00a0\u00a0\u00a0\u00a0\u00a0 <\/strong><\/p>\n<p>CRA 23 N\u00ba 65A-41\u00a0 LOCAL 202<\/p>\n<p>&nbsp;<\/p>\n<p><strong>SEDE ODONTOLOGIA PARQUE MEDICO <\/strong><\/p>\n<p>CRA 23 N\u00ba 65A-41\u00a0 LOCAL 905<\/p>\n<p>&nbsp;<\/p>\n<p><b>DORADA<\/b><\/p>\n<p>CALLE 12\u00a0\u00a0N\u00ba 5-31\u00a0\u00a0MEDICARE<\/p>\n<p>&nbsp;<\/p>\n<p><b>CHINCHIN\u00c1<\/b><\/p>\n<p>CALLE 12 N\u00ba\u00a0\u00a06-25 CENTRO<\/p>\n<p>&nbsp;<\/p>\n<p><b>SEDE PENSILVANIA<\/b><\/p>\n<p>CALLE 4 N\u00ba 5-59<\/p>\n<p>&nbsp;<\/p>\n<p><b>ANSERMA<\/b><\/p>\n<p>CRA 5\u00a0\u00a0CALLE\u00a0\u00a01<\/p>\n<p>&nbsp;<\/p>\n<p><b>RIOSUCIO<\/b><\/p>\n<p>CRA 6 N\u00ba 5-21 CENTRO<\/p>\n<p>&nbsp;<\/p>\n<h4>Risaralda<\/h4>\n<p><strong>Pereira <\/strong><\/p>\n<p>Centro M\u00e9dico Cosmitet Ltda.<\/p>\n<p>CRA\u00a0 14B N\u00ba 10-17 Los Alpes |\u00a0 Tel : 3400359<\/p>\n<p>&nbsp;<\/p>\n<p><strong>Dosquebradas\u00a0\u00a0 <\/strong><\/p>\n<p>Centro M\u00e9dico Guadalupe Medicina General y Salud Ocupacional S.A.S.<\/p>\n<p>Cra. 15 # 35-39 |\u00a0 Tel :\u00a0 0363324112 ext. 103<\/p>\n<p>&nbsp;<\/p>\n<p><strong>Santa Rosa de Cabal\u00a0\u00a0\u00a0\u00a0\u00a0\u00a0 <\/strong><\/p>\n<p>Cosmitet Ltda. Corporaci\u00f3n de Servicios M\u00e9dicos Internacionales Them y Cia. Ltda.<\/p>\n<p>Cra. 15 # 13-78\u00a0 |\u00a0 Tel : 3651804<\/p>\n<p>&nbsp;<\/p>\n<p><strong>Quinchia\u00a0\u00a0\u00a0\u00a0\u00a0\u00a0\u00a0\u00a0\u00a0\u00a0\u00a0\u00a0\u00a0 <\/strong><\/p>\n<p>Centro M\u00e9dico Cosmitet Ltda.<\/p>\n<p>Calle 8 # 7-20\u00a0 |\u00a0 Tel : 3177279986<\/p>\n<p>&nbsp;<\/p>\n<p><strong>Mistrato<\/strong><\/p>\n<p>Empresa Social del Estado Hospital San Vicente de Paul de Mistrato<\/p>\n<p>Cra. 5 # 2 |\u00a0 Tel : 3042595895<\/p>\n<p>&nbsp;<\/p>\n<p><strong>Pueblo Rico<\/strong><\/p>\n<p>ESE Hospital San Rafael.<\/p>\n<p>Carrera 5 # 4 -1 |\u00a0 Tel : ()<\/p>\n\t\t\t<\/div>\n\t\t<\/div>\n\t\t<\/div>\n<\/div>\n<\/div><\/div><\/div><\/div><\/div><\/div><\/div>","protected":false},"excerpt":{"rendered":"<p>Cl\u00ednica Rey David Calle 7\u00a0 No. 34-00 | (+57) (2) 5185000 &#8211; 018000 189863 Santiago de Cali &#8211; Colombia\u00a0 Cosmitet Ltda. \u00a0 \u00a0 \u00a0 \u00a0 \u00a0 Notificaciones judiciales enviar al siguiente correo: notificaciones_judiciales@cosmitet.net &nbsp; &nbsp;<\/p>\n","protected":false},"author":3,"featured_media":0,"parent":0,"menu_order":5,"comment_status":"closed","ping_status":"closed","template":"elementor_header_footer","meta":[],"categories":[],"tags":[],"yoast_head":"<!-- This site is optimized with the Yoast SEO plugin v15.9.1 - https:\/\/yoast.com\/wordpress\/plugins\/seo\/ -->\n<title>Contactanos | Cosmitet Ltda.<\/title>\n<link rel=\"canonical\" href=\"https:\/\/www.cosmitet.net\/Cosmitet\/contactanos-1\/\" \/>\n<meta property=\"og:locale\" content=\"es_ES\" \/>\n<meta property=\"og:type\" content=\"article\" \/>\n<meta property=\"og:title\" content=\"Contactanos | Cosmitet Ltda.\" \/>\n<meta property=\"og:description\" content=\"Cl\u00ednica Rey David Calle 7\u00a0 No. 34-00 | (+57) (2) 5185000 - 018000 189863 Santiago de Cali - Colombia\u00a0 Cosmitet Ltda. \u00a0 \u00a0 \u00a0 \u00a0 \u00a0 Notificaciones judiciales enviar al siguiente correo: notificaciones_judiciales@cosmitet.net &nbsp; &nbsp;\" \/>\n<meta property=\"og:url\" content=\"https:\/\/www.cosmitet.net\/Cosmitet\/contactanos-1\/\" \/>\n<meta property=\"og:site_name\" content=\"Cosmitet Ltda.\" \/>\n<meta property=\"article:modified_time\" content=\"2022-01-31T19:18:08+00:00\" \/>\n<meta name=\"twitter:card\" content=\"summary_large_image\" \/>\n<meta name=\"twitter:label1\" content=\"Est. reading time\">\n\t<meta name=\"twitter:data1\" content=\"1 minuto\">\n<script type=\"application\/ld+json\" class=\"yoast-schema-graph\">{\"@context\":\"https:\/\/schema.org\",\"@graph\":[{\"@type\":\"Organization\",\"@id\":\"https:\/\/www.cosmitet.net\/Cosmitet\/#organization\",\"name\":\"Corporaci\\u00f3n de Servicios M\\u00e9dicos Internacionales Them y Cia Ltda.\",\"url\":\"https:\/\/www.cosmitet.net\/Cosmitet\/\",\"sameAs\":[],\"logo\":{\"@type\":\"ImageObject\",\"@id\":\"https:\/\/www.cosmitet.net\/Cosmitet\/#logo\",\"inLanguage\":\"es-CO\",\"url\":\"https:\/\/www.cosmitet.net\/Cosmitet\/wp-content\/uploads\/2022\/08\/cosmitet-logo-25-anos-02.png\",\"width\":1773,\"height\":510,\"caption\":\"Corporaci\\u00f3n de Servicios M\\u00e9dicos Internacionales Them y Cia Ltda.\"},\"image\":{\"@id\":\"https:\/\/www.cosmitet.net\/Cosmitet\/#logo\"}},{\"@type\":\"WebSite\",\"@id\":\"https:\/\/www.cosmitet.net\/Cosmitet\/#website\",\"url\":\"https:\/\/www.cosmitet.net\/Cosmitet\/\",\"name\":\"Cosmitet Ltda.\",\"description\":\"Corporaci\\u00f3n de Servicios M\\u00e9dicos Internacionales Them y C\\u00eda. Ltda.\",\"publisher\":{\"@id\":\"https:\/\/www.cosmitet.net\/Cosmitet\/#organization\"},\"potentialAction\":[{\"@type\":\"SearchAction\",\"target\":\"https:\/\/www.cosmitet.net\/Cosmitet\/?s={search_term_string}\",\"query-input\":\"required name=search_term_string\"}],\"inLanguage\":\"es-CO\"},{\"@type\":\"WebPage\",\"@id\":\"https:\/\/www.cosmitet.net\/Cosmitet\/contactanos-1\/#webpage\",\"url\":\"https:\/\/www.cosmitet.net\/Cosmitet\/contactanos-1\/\",\"name\":\"Contactanos | Cosmitet Ltda.\",\"isPartOf\":{\"@id\":\"https:\/\/www.cosmitet.net\/Cosmitet\/#website\"},\"datePublished\":\"2019-11-01T10:05:58+00:00\",\"dateModified\":\"2022-01-31T19:18:08+00:00\",\"breadcrumb\":{\"@id\":\"https:\/\/www.cosmitet.net\/Cosmitet\/contactanos-1\/#breadcrumb\"},\"inLanguage\":\"es-CO\",\"potentialAction\":[{\"@type\":\"ReadAction\",\"target\":[\"https:\/\/www.cosmitet.net\/Cosmitet\/contactanos-1\/\"]}]},{\"@type\":\"BreadcrumbList\",\"@id\":\"https:\/\/www.cosmitet.net\/Cosmitet\/contactanos-1\/#breadcrumb\",\"itemListElement\":[{\"@type\":\"ListItem\",\"position\":1,\"item\":{\"@type\":\"WebPage\",\"@id\":\"https:\/\/www.cosmitet.net\/Cosmitet\/\",\"url\":\"https:\/\/www.cosmitet.net\/Cosmitet\/\",\"name\":\"Home\"}},{\"@type\":\"ListItem\",\"position\":2,\"item\":{\"@type\":\"WebPage\",\"@id\":\"https:\/\/www.cosmitet.net\/Cosmitet\/contactanos-1\/\",\"url\":\"https:\/\/www.cosmitet.net\/Cosmitet\/contactanos-1\/\",\"name\":\"Contactanos\"}}]}]}<\/script>\n<!-- \/ Yoast SEO plugin. -->","_links":{"self":[{"href":"https:\/\/www.cosmitet.net\/Cosmitet\/wp-json\/wp\/v2\/pages\/444"}],"collection":[{"href":"https:\/\/www.cosmitet.net\/Cosmitet\/wp-json\/wp\/v2\/pages"}],"about":[{"href":"https:\/\/www.cosmitet.net\/Cosmitet\/wp-json\/wp\/v2\/types\/page"}],"author":[{"embeddable":true,"href":"https:\/\/www.cosmitet.net\/Cosmitet\/wp-json\/wp\/v2\/users\/3"}],"replies":[{"embeddable":true,"href":"https:\/\/www.cosmitet.net\/Cosmitet\/wp-json\/wp\/v2\/comments?post=444"}],"version-history":[{"count":296,"href":"https:\/\/www.cosmitet.net\/Cosmitet\/wp-json\/wp\/v2\/pages\/444\/revisions"}],"predecessor-version":[{"id":8127,"href":"https:\/\/www.cosmitet.net\/Cosmitet\/wp-json\/wp\/v2\/pages\/444\/revisions\/8127"}],"wp:attachment":[{"href":"https:\/\/www.cosmitet.net\/Cosmitet\/wp-json\/wp\/v2\/media?parent=444"}],"wp:term":[{"taxonomy":"category","embeddable":true,"href":"https:\/\/www.cosmitet.net\/Cosmitet\/wp-json\/wp\/v2\/categories?post=444"},{"taxonomy":"post_tag","embeddable":true,"href":"https:\/\/www.cosmitet.net\/Cosmitet\/wp-json\/wp\/v2\/tags?post=444"}],"curies":[{"name":"wp","href":"https:\/\/api.w.org\/{rel}","templated":true}]}}